{"id":1286,"date":"2010-12-20T20:47:35","date_gmt":"2010-12-20T19:47:35","guid":{"rendered":"http:\/\/www.sf-bir.de\/?page_id=1286"},"modified":"2011-11-26T01:41:08","modified_gmt":"2011-11-26T00:41:08","slug":"vm-2011","status":"publish","type":"page","link":"http:\/\/www.sf-bir.de\/?page_id=1286","title":{"rendered":"VM 2011"},"content":{"rendered":"<h2>Modus<\/h2>\n<p style=\"text-align: justify;\">Schweizer System, 2 Stunden f\u00fcr 40 Z\u00fcge, 30 Minuten f\u00fcr den Rest. Computerauslosung und -auswertung, offizielle DWZ-Auswertung.<\/p>\n<p style=\"text-align: justify;\">Bei Punktgleichheit Buchholz und Buchholz-Summen-Wertung. Ausnahme: Der 1. Platz wird bei Punktgleichheit durch einen Stichkampf \u2013 Schnellschach mit 30 Minuten Bedenkzeit \u2013 entschieden, wobei der Buchholzbessere die Farbwahl hat. Endet dieses Entscheidungsspiel mit Remis oder sind mehr als zwei Spieler punktgleich, so entscheidet die Turnierleitung \u00fcber den Modus der Stichk\u00e4mpfe.<\/p>\n<hr \/>\n<h2>Bilder<\/h2>\nngg_shortcode_0_placeholder\n<hr \/>\n<h2>Abschlusstabelle<\/h2>\n<p>Vereinsmeister wurde im Stichkampf Rodolfo Graf!<\/p>\n<table border=\"2\" cellspacing=\"2\" cellpadding=\"2\" bgcolor=\"#C0C0C0\">\n<tbody>\n<tr>\n<td colspan=\"9\">Rangliste:\u00a0\u00a0Stand\u00a0nach\u00a0der\u00a09.\u00a0Runde<\/td>\n<\/tr>\n<tr bgcolor=\"#00FF00\">\n<th>Nr.<\/th>\n<th>Teilnehmer<\/th>\n<th>TWZ<\/th>\n<th>S<\/th>\n<th>R<\/th>\n<th>V<\/th>\n<th>Pkt<\/th>\n<th>Bu.<\/th>\n<th>BuS<\/th>\n<\/tr>\n<tr bgcolor=\"#00FFFF\">\n<td>1.<\/td>\n<td>Kendzior, Uwe<\/td>\n<td>1693<\/td>\n<td>4<\/td>\n<td>5<\/td>\n<td>0<\/td>\n<td>6.5<\/td>\n<td>49.5<\/td>\n<td>408.5<\/td>\n<\/tr>\n<tr bgcolor=\"#00FFFF\">\n<td>2.<\/td>\n<td><strong>Graf, Rodolfo<\/strong><\/td>\n<td>1761<\/td>\n<td>4<\/td>\n<td>5<\/td>\n<td>0<\/td>\n<td>6.5<\/td>\n<td>49.0<\/td>\n<td>408.5<\/td>\n<\/tr>\n<tr bgcolor=\"#00FFFF\">\n<td>3.<\/td>\n<td>Gubin, Boris<\/td>\n<td>1543<\/td>\n<td>5<\/td>\n<td>3<\/td>\n<td>1<\/td>\n<td>6.5<\/td>\n<td>45.0<\/td>\n<td>408.0<\/td>\n<\/tr>\n<tr bgcolor=\"#00FFFF\">\n<td>4.<\/td>\n<td>Wiesen, Marcus<\/td>\n<td>1550<\/td>\n<td>3<\/td>\n<td>5<\/td>\n<td>1<\/td>\n<td>5.5<\/td>\n<td>48.5<\/td>\n<td>395.5<\/td>\n<\/tr>\n<tr bgcolor=\"#00FFFF\">\n<td>5.<\/td>\n<td>Sch\u00e4fer, Christian<\/td>\n<td>1509<\/td>\n<td>3<\/td>\n<td>5<\/td>\n<td>1<\/td>\n<td>5.5<\/td>\n<td>47.0<\/td>\n<td>405.0<\/td>\n<\/tr>\n<tr bgcolor=\"#00FFFF\">\n<td>6.<\/td>\n<td>Schwabe, Tobias<\/td>\n<td>1490<\/td>\n<td>4<\/td>\n<td>3<\/td>\n<td>2<\/td>\n<td>5.5<\/td>\n<td>44.5<\/td>\n<td>385.0<\/td>\n<\/tr>\n<tr bgcolor=\"#00FFFF\">\n<td>7.<\/td>\n<td>Lozar, Peter<\/td>\n<td>1664<\/td>\n<td>2<\/td>\n<td>6<\/td>\n<td>1<\/td>\n<td>5.0<\/td>\n<td>47.0<\/td>\n<td>390.5<\/td>\n<\/tr>\n<tr bgcolor=\"#00FFFF\">\n<td>8.<\/td>\n<td>H\u00e4nsel, Gerhard<\/td>\n<td>1553<\/td>\n<td>3<\/td>\n<td>4<\/td>\n<td>2<\/td>\n<td>5.0<\/td>\n<td>47.0<\/td>\n<td>389.5<\/td>\n<\/tr>\n<tr bgcolor=\"#00FFFF\">\n<td>9.<\/td>\n<td>Hippenstiel, Michael<\/td>\n<td>1095<\/td>\n<td>4<\/td>\n<td>2<\/td>\n<td>3<\/td>\n<td>5.0<\/td>\n<td>44.5<\/td>\n<td>384.0<\/td>\n<\/tr>\n<tr bgcolor=\"#00FFFF\">\n<td>10.<\/td>\n<td>Bohn, Berthold<\/td>\n<td>1420<\/td>\n<td>2<\/td>\n<td>6<\/td>\n<td>1<\/td>\n<td>5.0<\/td>\n<td>39.0<\/td>\n<td>363.0<\/td>\n<\/tr>\n<tr bgcolor=\"#00FFFF\">\n<td>11.<\/td>\n<td>Jacobs, Mario<\/td>\n<td>1645<\/td>\n<td>4<\/td>\n<td>2<\/td>\n<td>3<\/td>\n<td>5.0<\/td>\n<td>36.0<\/td>\n<td>337.5<\/td>\n<\/tr>\n<tr bgcolor=\"#00FFFF\">\n<td>12.<\/td>\n<td>Schulthei\u00df, Walter<\/td>\n<td>1541<\/td>\n<td>4<\/td>\n<td>2<\/td>\n<td>3<\/td>\n<td>5.0<\/td>\n<td>35.0<\/td>\n<td>351.5<\/td>\n<\/tr>\n<tr bgcolor=\"#00FFFF\">\n<td>13.<\/td>\n<td>M\u00fcller, Dirk<\/td>\n<td>1397<\/td>\n<td>4<\/td>\n<td>1<\/td>\n<td>4<\/td>\n<td>4.5<\/td>\n<td>45.5<\/td>\n<td>373.0<\/td>\n<\/tr>\n<tr bgcolor=\"#00FFFF\">\n<td>14.<\/td>\n<td>Dockhorn, Alfred<\/td>\n<td>1592<\/td>\n<td>3<\/td>\n<td>3<\/td>\n<td>3<\/td>\n<td>4.5<\/td>\n<td>41.0<\/td>\n<td>379.0<\/td>\n<\/tr>\n<tr bgcolor=\"#00FFFF\">\n<td>15.<\/td>\n<td>Freimuth, Dominik<\/td>\n<td><\/td>\n<td>4<\/td>\n<td>1<\/td>\n<td>4<\/td>\n<td>4.5<\/td>\n<td>34.0<\/td>\n<td>346.5<\/td>\n<\/tr>\n<tr bgcolor=\"#00FFFF\">\n<td>16.<\/td>\n<td>Hauch ,Konstantin<\/td>\n<td><\/td>\n<td>3<\/td>\n<td>2<\/td>\n<td>4<\/td>\n<td>4.0<\/td>\n<td>34.0<\/td>\n<td>335.5<\/td>\n<\/tr>\n<tr bgcolor=\"#00FFFF\">\n<td>17.<\/td>\n<td>Gei\u00df, J\u00fcrgen<\/td>\n<td>1188<\/td>\n<td>4<\/td>\n<td>0<\/td>\n<td>5<\/td>\n<td>4.0<\/td>\n<td>30.0<\/td>\n<td>313.5<\/td>\n<\/tr>\n<tr bgcolor=\"#00FFFF\">\n<td>18.<\/td>\n<td>Gubin, Aleksej<\/td>\n<td>1590<\/td>\n<td>3<\/td>\n<td>1<\/td>\n<td>5<\/td>\n<td>3.5<\/td>\n<td>37.0<\/td>\n<td>342.0<\/td>\n<\/tr>\n<tr bgcolor=\"#00FFFF\">\n<td>19.<\/td>\n<td>Jacobs, Verena<\/td>\n<td><\/td>\n<td>3<\/td>\n<td>0<\/td>\n<td>6<\/td>\n<td>3.0<\/td>\n<td>35.5<\/td>\n<td>327.0<\/td>\n<\/tr>\n<tr bgcolor=\"#00FFFF\">\n<td>20.<\/td>\n<td>Geibel, Kurt<\/td>\n<td>1215<\/td>\n<td>3<\/td>\n<td>0<\/td>\n<td>6<\/td>\n<td>3.0<\/td>\n<td>31.0<\/td>\n<td>331.5<\/td>\n<\/tr>\n<tr bgcolor=\"#00FFFF\">\n<td>21.<\/td>\n<td>Jacobs, Daniel<\/td>\n<td><\/td>\n<td>2<\/td>\n<td>0<\/td>\n<td>7<\/td>\n<td>2.0<\/td>\n<td>36.0<\/td>\n<td>329.0<\/td>\n<\/tr>\n<\/tbody>\n<\/table>\n<h2>Ergebnisse der 9. Runde<\/h2>\n<table border=\"2\" cellspacing=\"2\" cellpadding=\"2\" bgcolor=\"#C0C0C0\">\n<tbody>\n<tr>\n<td colspan=\"9\">Paarungsliste\u00a0der\u00a09.\u00a0Runde<\/td>\n<\/tr>\n<tr bgcolor=\"#00FF00\">\n<th>Nr.<\/th>\n<th>Teilnehmer<\/th>\n<th>Pkt<\/th>\n<th>&#8211;<\/th>\n<th>Teilnehmer<\/th>\n<th>Pkt<\/th>\n<th>Erg.<\/th>\n<\/tr>\n<tr bgcolor=\"#00FFFF\">\n<td>1<\/td>\n<td>Kendzior, Uwe<\/td>\n<td>(6)<\/td>\n<td>&#8211;<\/td>\n<td>Wiesen, Marcus<\/td>\n<td>(5)<\/td>\n<td>\u00bd\u00a0&#8211; \u00bd<\/td>\n<\/tr>\n<tr bgcolor=\"#00FFFF\">\n<td>2<\/td>\n<td>Lozar, Peter<\/td>\n<td>(4\u00bd)<\/td>\n<td>&#8211;<\/td>\n<td>Graf, Rodolfo<\/td>\n<td>(6)<\/td>\n<td>\u00bd\u00a0&#8211; \u00bd<\/td>\n<\/tr>\n<tr bgcolor=\"#00FFFF\">\n<td>3<\/td>\n<td>Gubin, Boris<\/td>\n<td>(6)<\/td>\n<td>&#8211;<\/td>\n<td>H\u00e4nsel, Gerhard<\/td>\n<td>(4\u00bd)<\/td>\n<td>\u00bd\u00a0&#8211; \u00bd<\/td>\n<\/tr>\n<tr bgcolor=\"#00FFFF\">\n<td>4<\/td>\n<td>Hippenstiel, Michael<\/td>\n<td>(4\u00bd)<\/td>\n<td>&#8211;<\/td>\n<td>Sch\u00e4fer, Christian<\/td>\n<td>(5)<\/td>\n<td>\u00bd\u00a0&#8211; \u00bd<\/td>\n<\/tr>\n<tr bgcolor=\"#00FFFF\">\n<td>5<\/td>\n<td>Schwabe, Tobias<\/td>\n<td>(4\u00bd)<\/td>\n<td>&#8211;<\/td>\n<td>M\u00fcller, Dirk<\/td>\n<td>(4\u00bd)<\/td>\n<td>1 &#8211; 0<\/td>\n<\/tr>\n<tr bgcolor=\"#00FFFF\">\n<td>6<\/td>\n<td>Hauch, Konstantin<\/td>\n<td>(4)<\/td>\n<td>&#8211;<\/td>\n<td>Schulthei\u00df, Walter<\/td>\n<td>(4)<\/td>\n<td>0 &#8211; 1<\/td>\n<\/tr>\n<tr bgcolor=\"#00FFFF\">\n<td>7<\/td>\n<td>Bohn, Berthold<\/td>\n<td>(4)<\/td>\n<td>&#8211;<\/td>\n<td>Gubin, Aleksej<\/td>\n<td>(3\u00bd)<\/td>\n<td>1 &#8211; 0<\/td>\n<\/tr>\n<tr bgcolor=\"#00FFFF\">\n<td>8<\/td>\n<td>Geibel, Kurt<\/td>\n<td>(3)<\/td>\n<td>&#8211;<\/td>\n<td>Jacobs, Mario<\/td>\n<td>(4)<\/td>\n<td>0 &#8211; 0<\/td>\n<\/tr>\n<tr bgcolor=\"#00FFFF\">\n<td>9<\/td>\n<td>Freimuth, Dominik<\/td>\n<td>(3\u00bd)<\/td>\n<td>&#8211;<\/td>\n<td>Jacobs, Daniel<\/td>\n<td>(2)<\/td>\n<td>1 &#8211; 0<\/td>\n<\/tr>\n<tr bgcolor=\"#00FFFF\">\n<td>10<\/td>\n<td>Gei\u00df, J\u00fcrgen<\/td>\n<td>(3)<\/td>\n<td>&#8211;<\/td>\n<td>Jacobs, Verena<\/td>\n<td>(3)<\/td>\n<td>1 &#8211; 0<\/td>\n<\/tr>\n<tr bgcolor=\"#00FFFF\">\n<td>11<\/td>\n<td>Dockhorn, Alfred<\/td>\n<td>(3\u00bd)<\/td>\n<td>&#8211;<\/td>\n<td>spielfrei<\/td>\n<td>(0)<\/td>\n<td>+ \u00a0&#8211;<\/td>\n<\/tr>\n<\/tbody>\n<\/table>\n<hr \/>\n<h2>Ergebnisse der 8. Runde<\/h2>\n<table border=\"2\" cellspacing=\"2\" cellpadding=\"2\" bgcolor=\"#C0C0C0\">\n<tbody>\n<tr>\n<td colspan=\"9\">Paarungsliste der 8. Runde<\/td>\n<\/tr>\n<tr bgcolor=\"#00FF00\">\n<th>Nr.<\/th>\n<th>Teilnehmer<\/th>\n<th>Pkt.<\/th>\n<th>&#8211;<\/th>\n<th>Teilnehmer<\/th>\n<th>Pkt.<\/th>\n<th>Erg.<\/th>\n<\/tr>\n<tr bgcolor=\"#00FFFF\">\n<td>1<\/td>\n<td>Sch\u00e4fer, Christian<\/td>\n<td>(5)<\/td>\n<td>&#8211;<\/td>\n<td>Gubin, Boris<\/td>\n<td>(5)<\/td>\n<td>0 &#8211; 1<\/td>\n<\/tr>\n<tr bgcolor=\"#00FFFF\">\n<td>2<\/td>\n<td>Graf, Rodolfo<\/td>\n<td>(5)<\/td>\n<td>&#8211;<\/td>\n<td>Schwabe, Tobias<\/td>\n<td>(4\u00bd)<\/td>\n<td>1 &#8211; 0<\/td>\n<\/tr>\n<tr bgcolor=\"#00FFFF\">\n<td>3<\/td>\n<td>H\u00e4nsel, Gerhard<\/td>\n<td>(4\u00bd)<\/td>\n<td>&#8211;<\/td>\n<td>Kendzior, Uwe<\/td>\n<td>(5)<\/td>\n<td>0 &#8211; 1<\/td>\n<\/tr>\n<tr bgcolor=\"#00FFFF\">\n<td>4<\/td>\n<td>Wiesen, Marcus<\/td>\n<td>(4\u00bd)<\/td>\n<td>&#8211;<\/td>\n<td>Lozar, Peter<\/td>\n<td>(4)<\/td>\n<td>\u00bd \u2013 \u00bd<\/td>\n<\/tr>\n<tr bgcolor=\"#00FFFF\">\n<td>5<\/td>\n<td>Jacobs, Mario<\/td>\n<td>(3\u00bd)<\/td>\n<td>&#8211;<\/td>\n<td>Bohn, Berthold<\/td>\n<td>(3\u00bd)<\/td>\n<td>\u00bd \u2013 \u00bd<\/td>\n<\/tr>\n<tr bgcolor=\"#00FFFF\">\n<td>6<\/td>\n<td>M\u00fcller, Dirk<\/td>\n<td>(3\u00bd)<\/td>\n<td>&#8211;<\/td>\n<td>Dockhorn, Alfred<\/td>\n<td>(3\u00bd)<\/td>\n<td>1 &#8211; 0<\/td>\n<\/tr>\n<tr bgcolor=\"#00FFFF\">\n<td>7<\/td>\n<td>Gubin, Aleksej<\/td>\n<td>(3\u00bd)<\/td>\n<td>&#8211;<\/td>\n<td>Hippenstiel, Michael<\/td>\n<td>(3\u00bd)<\/td>\n<td>0 &#8211; 1<\/td>\n<\/tr>\n<tr bgcolor=\"#00FFFF\">\n<td>8<\/td>\n<td>Hauch, Konstantin<\/td>\n<td>(3)<\/td>\n<td>&#8211;<\/td>\n<td>Geibel, Kurt<\/td>\n<td>(3)<\/td>\n<td>1 &#8211; 0<\/td>\n<\/tr>\n<tr bgcolor=\"#00FFFF\">\n<td>9<\/td>\n<td>Jacobs, Verena<\/td>\n<td>(3)<\/td>\n<td>&#8211;<\/td>\n<td>Freimuth, Dominik<\/td>\n<td>(2\u00bd)<\/td>\n<td>0 &#8211; 1<\/td>\n<\/tr>\n<tr bgcolor=\"#00FFFF\">\n<td>10<\/td>\n<td>Jacobs, Daniel<\/td>\n<td>(2)<\/td>\n<td>&#8211;<\/td>\n<td>Gei\u00df, J\u00fcrgen<\/td>\n<td>(2)<\/td>\n<td>0 &#8211; 1<\/td>\n<\/tr>\n<tr bgcolor=\"#00FFFF\">\n<td>11<\/td>\n<td>spielfrei<\/td>\n<td>(0)<\/td>\n<td>&#8211;<\/td>\n<td>Schulthei\u00df, Walter<\/td>\n<td>(3)<\/td>\n<td>\u00a0&#8211; +<\/td>\n<\/tr>\n<\/tbody>\n<\/table>\n<hr \/>\n<h2>Ergebnisse der 7. Runde<\/h2>\n<table border=\"2\" cellspacing=\"2\" cellpadding=\"2\" bgcolor=\"#c0c0c0\">\n<tbody>\n<tr>\n<td colspan=\"9\">Paarungsliste der 7. Runde<\/td>\n<\/tr>\n<tr bgcolor=\"#00ff00\">\n<th>Nr.<\/th>\n<th>Teilnehmer<\/th>\n<th>Pkt.<\/th>\n<th>&#8211;<\/th>\n<th>Teilnehmer<\/th>\n<th>Pkt.<\/th>\n<th>Erg.<\/th>\n<\/tr>\n<tr bgcolor=\"#00ffff\">\n<td>1<\/td>\n<td>Kendzior, Uwe<\/td>\n<td>(4\u00bd)<\/td>\n<td>&#8211;<\/td>\n<td>Sch\u00e4fer, Christian<\/td>\n<td>(4\u00bd)<\/td>\n<td>\u00bd \u2013 \u00bd<\/td>\n<\/tr>\n<tr bgcolor=\"#00ffff\">\n<td>2<\/td>\n<td>Graf, Rodolfo<\/td>\n<td>(4\u00bd)<\/td>\n<td>&#8211;<\/td>\n<td>H\u00e4nsel, Gerhard<\/td>\n<td>(4)<\/td>\n<td>\u00bd \u2013 \u00bd<\/td>\n<\/tr>\n<tr bgcolor=\"#00ffff\">\n<td>3<\/td>\n<td>Schwabe, Tobias<\/td>\n<td>(4)<\/td>\n<td>&#8211;<\/td>\n<td>Wiesen, Marcus<\/td>\n<td>(4)<\/td>\n<td>\u00bd \u2013 \u00bd<\/td>\n<\/tr>\n<tr bgcolor=\"#00ffff\">\n<td>4<\/td>\n<td>Dockhorn, Alfred<\/td>\n<td>(3\u00bd)<\/td>\n<td>&#8211;<\/td>\n<td>Gubin, Boris<\/td>\n<td>(4)<\/td>\n<td>0 &#8211; 1<\/td>\n<\/tr>\n<tr bgcolor=\"#00ffff\">\n<td>5<\/td>\n<td>Geibel, Kurt<\/td>\n<td>(3)<\/td>\n<td>&#8211;<\/td>\n<td>Lozar, Peter<\/td>\n<td>(3)<\/td>\n<td>0 &#8211; 1<\/td>\n<\/tr>\n<tr bgcolor=\"#00ffff\">\n<td>6<\/td>\n<td>Jacobs, Mario<\/td>\n<td>(3)<\/td>\n<td>&#8211;<\/td>\n<td>Gubin, Aleksej<\/td>\n<td>(3)<\/td>\n<td>\u00bd \u2013 \u00bd<\/td>\n<\/tr>\n<tr bgcolor=\"#00ffff\">\n<td>7<\/td>\n<td>Bohn, Berthold<\/td>\n<td>(3)<\/td>\n<td>&#8211;<\/td>\n<td>M\u00fcller, Dirk<\/td>\n<td>(3)<\/td>\n<td>\u00bd \u2013 \u00bd<\/td>\n<\/tr>\n<tr bgcolor=\"#00ffff\">\n<td>8<\/td>\n<td>Schulthei\u00df, Walter<\/td>\n<td>(3)<\/td>\n<td>&#8211;<\/td>\n<td>Hippenstiel, Michael<\/td>\n<td>(2\u00bd)<\/td>\n<td>0 &#8211; 1<\/td>\n<\/tr>\n<tr bgcolor=\"#00ffff\">\n<td>9<\/td>\n<td>Jacobs, Daniel<\/td>\n<td>(2)<\/td>\n<td>&#8211;<\/td>\n<td>Hauch, Konstantin<\/td>\n<td>(2)<\/td>\n<td>0 &#8211; 1<\/td>\n<\/tr>\n<tr bgcolor=\"#00ffff\">\n<td>10<\/td>\n<td>Freimuth, Dominik<\/td>\n<td>(1\u00bd)<\/td>\n<td>&#8211;<\/td>\n<td>Gei\u00df, J\u00fcrgen<\/td>\n<td>(2)<\/td>\n<td>+ &#8211;<\/td>\n<\/tr>\n<tr bgcolor=\"#00ffff\">\n<td>11<\/td>\n<td>spielfrei<\/td>\n<td>(0)<\/td>\n<td>&#8211;<\/td>\n<td>Jacobs, Verena<\/td>\n<td>(2)<\/td>\n<td>&#8211; +<\/td>\n<\/tr>\n<\/tbody>\n<\/table>\n<hr \/>\n<h2>Ergebnisse der 6. Runde<\/h2>\n<table border=\"2\" cellspacing=\"2\" cellpadding=\"2\" bgcolor=\"#C0C0C0\">\n<tbody>\n<tr>\n<td colspan=\"9\">Paarungsliste der 6. Runde<\/td>\n<\/tr>\n<tr bgcolor=\"#00FF00\">\n<th>Nr.<\/th>\n<th>Teilnehmer<\/th>\n<th>Pkt.<\/th>\n<th>&#8211;<\/th>\n<th>Teilnehmer<\/th>\n<th>Pkt.<\/th>\n<th>Erg.<\/th>\n<\/tr>\n<tr bgcolor=\"#00FFFF\">\n<td>1<\/td>\n<td>Wiesen, Marcus<\/td>\n<td>(4)<\/td>\n<td>&#8211;<\/td>\n<td>Graf, Rodolfo<\/td>\n<td>(3\u00bd)<\/td>\n<td>0 &#8211; 1<\/td>\n<\/tr>\n<tr bgcolor=\"#00FFFF\">\n<td>2<\/td>\n<td>Gubin, Boris<\/td>\n<td>(4)<\/td>\n<td>&#8211;<\/td>\n<td>Kendzior, Uwe<\/td>\n<td>(3\u00bd)<\/td>\n<td>0 &#8211; 1<\/td>\n<\/tr>\n<tr bgcolor=\"#00FFFF\">\n<td>3<\/td>\n<td>Lozar, Peter<\/td>\n<td>(3)<\/td>\n<td>&#8211;<\/td>\n<td>Sch\u00e4fer, Christian<\/td>\n<td>(3\u00bd)<\/td>\n<td>0 &#8211; 1<\/td>\n<\/tr>\n<tr bgcolor=\"#00FFFF\">\n<td>4<\/td>\n<td>Gubin, Aleksej<\/td>\n<td>(3)<\/td>\n<td>&#8211;<\/td>\n<td>Schwabe, Tobias<\/td>\n<td>(3)<\/td>\n<td>0 &#8211; 1<\/td>\n<\/tr>\n<tr bgcolor=\"#00FFFF\">\n<td>5<\/td>\n<td>M\u00fcller, Dirk<\/td>\n<td>(3)<\/td>\n<td>&#8211;<\/td>\n<td>H\u00e4nsel, Gerhard<\/td>\n<td>(3)<\/td>\n<td>0 &#8211; 1<\/td>\n<\/tr>\n<tr bgcolor=\"#00FFFF\">\n<td>6<\/td>\n<td>Hippenstiel, Michael<\/td>\n<td>(2\u00bd)<\/td>\n<td>&#8211;<\/td>\n<td>Dockhorn, Alfred<\/td>\n<td>(2\u00bd)<\/td>\n<td>0 &#8211; 1<\/td>\n<\/tr>\n<tr bgcolor=\"#00FFFF\">\n<td>7<\/td>\n<td>Jacobs, Verena<\/td>\n<td>(2)<\/td>\n<td>&#8211;<\/td>\n<td>Jacobs, Mario<\/td>\n<td>(2)<\/td>\n<td>0 &#8211; 1<\/td>\n<\/tr>\n<tr bgcolor=\"#00FFFF\">\n<td>8<\/td>\n<td>Gei\u00df, J\u00fcrgen<\/td>\n<td>(2)<\/td>\n<td>&#8211;<\/td>\n<td>Schulthei\u00df, Walter<\/td>\n<td>(2)<\/td>\n<td>0 &#8211; 1<\/td>\n<\/tr>\n<tr bgcolor=\"#00FFFF\">\n<td>9<\/td>\n<td>Geibel, Kurt<\/td>\n<td>(2)<\/td>\n<td>&#8211;<\/td>\n<td>Jacobs, Daniel<\/td>\n<td>(2)<\/td>\n<td>1 &#8211; 0<\/td>\n<\/tr>\n<tr bgcolor=\"#00FFFF\">\n<td>10<\/td>\n<td>Freimuth ,Dominik<\/td>\n<td>(1)<\/td>\n<td>&#8211;<\/td>\n<td>Hauch, Konstantin<\/td>\n<td>(1\u00bd)<\/td>\n<td>\u00bd &#8211; \u00bd<\/td>\n<\/tr>\n<tr bgcolor=\"#00FFFF\">\n<td>11<\/td>\n<td>Bohn, Berthold<\/td>\n<td>(2)<\/td>\n<td>&#8211;<\/td>\n<td>spielfrei<\/td>\n<td>(0)<\/td>\n<td>+ &#8211;<\/td>\n<\/tr>\n<\/tbody>\n<\/table>\n<hr \/>\n<h2>Ergebnisse der 5. Runde<\/h2>\n<table border=\"2\" cellspacing=\"2\" cellpadding=\"2\" bgcolor=\"#C0C0C0\">\n<tbody>\n<tr>\n<td colspan=\"9\">Paarungsliste\u00a0der\u00a05.\u00a0Runde<\/td>\n<\/tr>\n<tr bgcolor=\"#00FF00\">\n<th>Nr.<\/th>\n<th>Teilnehmer<\/th>\n<th>Pkt<\/th>\n<th>&#8211;<\/th>\n<th>Teilnehmer<\/th>\n<th>Pkt<\/th>\n<th>Erg.<\/th>\n<\/tr>\n<tr bgcolor=\"#00FFFF\">\n<td>1<\/td>\n<td>Sch\u00e4fer, Christian<\/td>\n<td>(3)<\/td>\n<td>&#8211;<\/td>\n<td>Wiesen, Marcus<\/td>\n<td>(3\u00bd)<\/td>\n<td>\u00bd &#8211; \u00bd<\/td>\n<\/tr>\n<tr bgcolor=\"#00FFFF\">\n<td>2<\/td>\n<td>Gubin, Boris<\/td>\n<td>(3)<\/td>\n<td>&#8211;<\/td>\n<td>M\u00fcller, Dirk<\/td>\n<td>(3)<\/td>\n<td>1 &#8211; 0<\/td>\n<\/tr>\n<tr bgcolor=\"#00FFFF\">\n<td>3<\/td>\n<td>Dockhorn, Alfred<\/td>\n<td>(2\u00bd)<\/td>\n<td>&#8211;<\/td>\n<td>Graf, Rodolfo<\/td>\n<td>(2\u00bd)<\/td>\n<td>0 &#8211; 1<\/td>\n<\/tr>\n<tr bgcolor=\"#00FFFF\">\n<td>4<\/td>\n<td>Kendzior, Uwe<\/td>\n<td>(2\u00bd)<\/td>\n<td>&#8211;<\/td>\n<td>Hippenstiel, Michael<\/td>\n<td>(2\u00bd)<\/td>\n<td>1 &#8211; 0<\/td>\n<\/tr>\n<tr bgcolor=\"#00FFFF\">\n<td>5<\/td>\n<td>H\u00e4nsel, Gerhard<\/td>\n<td>(2\u00bd)<\/td>\n<td>&#8211;<\/td>\n<td>Lozar, Peter<\/td>\n<td>(2\u00bd)<\/td>\n<td>\u00bd &#8211; \u00bd<\/td>\n<\/tr>\n<tr bgcolor=\"#00FFFF\">\n<td>6<\/td>\n<td>Jacobs, Daniel<\/td>\n<td>(2)<\/td>\n<td>&#8211;<\/td>\n<td>Gubin, Aleksej<\/td>\n<td>(2)<\/td>\n<td>0 &#8211; 1<\/td>\n<\/tr>\n<tr bgcolor=\"#00FFFF\">\n<td>7<\/td>\n<td>Schwabe, Tobias<\/td>\n<td>(2)<\/td>\n<td>&#8211;<\/td>\n<td>Jacobs, Verena<\/td>\n<td>(2)<\/td>\n<td>1 &#8211; 0<\/td>\n<\/tr>\n<tr bgcolor=\"#00FFFF\">\n<td>8<\/td>\n<td>Schulthei\u00df, Walter<\/td>\n<td>(1\u00bd)<\/td>\n<td>&#8211;<\/td>\n<td>Bohn, Berthold<\/td>\n<td>(1\u00bd)<\/td>\n<td>\u00bd &#8211; \u00bd<\/td>\n<\/tr>\n<tr bgcolor=\"#00FFFF\">\n<td>9<\/td>\n<td>Hauch, Konstantin<\/td>\n<td>(1\u00bd)<\/td>\n<td>&#8211;<\/td>\n<td>Gei\u00df,J\u00fcrgen<\/td>\n<td>(1)<\/td>\n<td>0 &#8211; 1<\/td>\n<\/tr>\n<tr bgcolor=\"#00FFFF\">\n<td>10<\/td>\n<td>Jacobs, Mario<\/td>\n<td>(1)<\/td>\n<td>&#8211;<\/td>\n<td>Freimuth, Dominik<\/td>\n<td>(1)<\/td>\n<td>1 &#8211; 0<\/td>\n<\/tr>\n<tr bgcolor=\"#00FFFF\">\n<td>11<\/td>\n<td>Geibel, Kurt<\/td>\n<td>(1)<\/td>\n<td>&#8211;<\/td>\n<td>spielfrei<\/td>\n<td>(0)<\/td>\n<td>+ \u00a0&#8211;<\/td>\n<\/tr>\n<\/tbody>\n<\/table>\n<hr \/>\n<h2>Ergebnisse der 4. Runde<\/h2>\n<table border=\"2\" cellspacing=\"2\" cellpadding=\"2\" bgcolor=\"#C0C0C0\">\n<tbody>\n<tr>\n<td colspan=\"9\">Paarungsliste der\u00a04.\u00a0Runde<\/td>\n<\/tr>\n<tr bgcolor=\"#00FF00\">\n<th>Nr.<\/th>\n<th>Teilnehmer<\/th>\n<th>Pkt<\/th>\n<th>&#8211;<\/th>\n<th>Teilnehmer<\/th>\n<th>Pkt<\/th>\n<th>Erg.<\/th>\n<\/tr>\n<tr bgcolor=\"#00FFFF\">\n<td>1<\/td>\n<td>Wiesen, Marcus<\/td>\n<td>(2\u00bd)<\/td>\n<td>&#8211;<\/td>\n<td>M\u00fcller, Dirk<\/td>\n<td>(3)<\/td>\n<td>1 &#8211; 0<\/td>\n<\/tr>\n<tr bgcolor=\"#00FFFF\">\n<td>2<\/td>\n<td>Graf, Rodolfo<\/td>\n<td>(2)<\/td>\n<td>&#8211;<\/td>\n<td>Gubin, Boris<\/td>\n<td>(2\u00bd)<\/td>\n<td>\u00bd &#8211; \u00bd<\/td>\n<\/tr>\n<tr bgcolor=\"#00FFFF\">\n<td>3<\/td>\n<td>H\u00e4nsel, Gerhard<\/td>\n<td>(2)<\/td>\n<td>&#8211;<\/td>\n<td>Dockhorn, Alfred<\/td>\n<td>(2)<\/td>\n<td>\u00bd &#8211; \u00bd<\/td>\n<\/tr>\n<tr bgcolor=\"#00FFFF\">\n<td>4<\/td>\n<td>Sch\u00e4fer, Christian<\/td>\n<td>(2)<\/td>\n<td>&#8211;<\/td>\n<td>Jacobs, Daniel<\/td>\n<td>(2)<\/td>\n<td>1 &#8211; 0<\/td>\n<\/tr>\n<tr bgcolor=\"#00FFFF\">\n<td>5<\/td>\n<td>Hippenstiel, Michael<\/td>\n<td>(1\u00bd)<\/td>\n<td>&#8211;<\/td>\n<td>Jacobs, Verena<\/td>\n<td>(2)<\/td>\n<td>1 &#8211; 0<\/td>\n<\/tr>\n<tr bgcolor=\"#00FFFF\">\n<td>6<\/td>\n<td>Schulthei\u00df, Walter<\/td>\n<td>(1\u00bd)<\/td>\n<td>&#8211;<\/td>\n<td>Lozar, Peter<\/td>\n<td>(1\u00bd)<\/td>\n<td>&#8211; +<\/td>\n<\/tr>\n<tr bgcolor=\"#00FFFF\">\n<td>7<\/td>\n<td>Kendzior, Uwe<\/td>\n<td>(1\u00bd)<\/td>\n<td>&#8211;<\/td>\n<td>Jacobs, Mario<\/td>\n<td>(1)<\/td>\n<td>1 &#8211; 0<\/td>\n<\/tr>\n<tr bgcolor=\"#00FFFF\">\n<td>8<\/td>\n<td>Gubin, Aleksej<\/td>\n<td>(1)<\/td>\n<td>&#8211;<\/td>\n<td>Geibel, Kurt<\/td>\n<td>(1)<\/td>\n<td>1 &#8211; 0<\/td>\n<\/tr>\n<tr bgcolor=\"#00FFFF\">\n<td>9<\/td>\n<td>Freimuth, Dominik<\/td>\n<td>(1)<\/td>\n<td>&#8211;<\/td>\n<td>Schwabe, Tobias<\/td>\n<td>(1)<\/td>\n<td>0 &#8211; 1<\/td>\n<\/tr>\n<tr bgcolor=\"#00FFFF\">\n<td>10<\/td>\n<td>Bohn, Berthold<\/td>\n<td>(1)<\/td>\n<td>&#8211;<\/td>\n<td>Hauch, Konstantin<\/td>\n<td>(1)<\/td>\n<td>\u00bd &#8211; \u00bd<\/td>\n<\/tr>\n<tr bgcolor=\"#00FFFF\">\n<td>11<\/td>\n<td>spielfrei<\/td>\n<td>(0)<\/td>\n<td>&#8211;<\/td>\n<td>Gei\u00df, J\u00fcrgen<\/td>\n<td>(0)<\/td>\n<td>&#8211;\u00a0 +<\/td>\n<\/tr>\n<\/tbody>\n<\/table>\n<hr \/>\n<h2>Ergebnisse der 3. Runde<\/h2>\n<table border=\"2\" cellspacing=\"2\" cellpadding=\"2\" bgcolor=\"#c0c0c0\">\n<tbody>\n<tr>\n<td colspan=\"14\">Paarungsliste der 3. Runde<\/td>\n<\/tr>\n<tr bgcolor=\"#00ff00\">\n<th>Nr.<\/th>\n<th>Teilnehmer<\/th>\n<th>Pkt<\/th>\n<th>&#8211;<\/th>\n<th>Teilnehmer<\/th>\n<th>Pkt<\/th>\n<th>Erg.<\/th>\n<\/tr>\n<tr bgcolor=\"#00ffff\">\n<td>1<\/td>\n<td>Gubin, Boris<\/td>\n<td>(2)<\/td>\n<td>&#8211;<\/td>\n<td>Wiesen, Marcus<\/td>\n<td>(2)<\/td>\n<td>\u00bd \u2013 \u00bd<\/td>\n<\/tr>\n<tr bgcolor=\"#00ffff\">\n<td>2<\/td>\n<td>M\u00fcller, Dirk<\/td>\n<td>(2)<\/td>\n<td>&#8211;<\/td>\n<td>Schulthei\u00df, Walter<\/td>\n<td>(1\u00bd)<\/td>\n<td>1 &#8211; 0<\/td>\n<\/tr>\n<tr bgcolor=\"#00ffff\">\n<td>3<\/td>\n<td>Dockhorn, Alfred<\/td>\n<td>(1\u00bd)<\/td>\n<td>&#8211;<\/td>\n<td>Sch\u00e4fer, Christian<\/td>\n<td>(1\u00bd)<\/td>\n<td>\u00bd &#8211; \u00bd<\/td>\n<\/tr>\n<tr bgcolor=\"#00ffff\">\n<td>4<\/td>\n<td>Graf, Rodolfo<\/td>\n<td>(1\u00bd)<\/td>\n<td>&#8211;<\/td>\n<td>Kendzior, Uwe<\/td>\n<td>(1)<\/td>\n<td>\u00bd &#8211; \u00bd<\/td>\n<\/tr>\n<tr bgcolor=\"#00ffff\">\n<td>5<\/td>\n<td>Lozar, Peter<\/td>\n<td>(1)<\/td>\n<td>&#8211;<\/td>\n<td>Hippenstiel, Michael<\/td>\n<td>(1)<\/td>\n<td>\u00bd \u2013 \u00bd<\/td>\n<\/tr>\n<tr bgcolor=\"#00ffff\">\n<td>6<\/td>\n<td>Jacobs, Daniel<\/td>\n<td>(1)<\/td>\n<td>&#8211;<\/td>\n<td>Jacobs, Mario<\/td>\n<td>(1)<\/td>\n<td>1 &#8211; 0<\/td>\n<\/tr>\n<tr bgcolor=\"#00ffff\">\n<td>7<\/td>\n<td>Jacobs, Verena<\/td>\n<td>(1)<\/td>\n<td>&#8211;<\/td>\n<td>Gubin, Aleksej<\/td>\n<td>(1)<\/td>\n<td>1 &#8211; 0<\/td>\n<\/tr>\n<tr bgcolor=\"#00ffff\">\n<td>8<\/td>\n<td>Hauch, Konstantin<\/td>\n<td>(1)<\/td>\n<td>&#8211;<\/td>\n<td>H\u00e4nsel, Gerhard<\/td>\n<td>(1)<\/td>\n<td>0 &#8211; 1<\/td>\n<\/tr>\n<tr bgcolor=\"#00ffff\">\n<td>9<\/td>\n<td>Schwabe, Tobias<\/td>\n<td>(\u00bd)<\/td>\n<td>&#8211;<\/td>\n<td>Bohn, Berthold<\/td>\n<td>(\u00bd)<\/td>\n<td>\u00bd \u2013 \u00bd<\/td>\n<\/tr>\n<tr bgcolor=\"#00ffff\">\n<td>10<\/td>\n<td>Gei\u00df, J\u00fcrgen<\/td>\n<td>(0)<\/td>\n<td>&#8211;<\/td>\n<td>Geibel, Kurt<\/td>\n<td>(0)<\/td>\n<td>0 &#8211; 1<\/td>\n<\/tr>\n<tr bgcolor=\"#00ffff\">\n<td>11<\/td>\n<td>Freimuth, Dominik<\/td>\n<td>(0)<\/td>\n<td>&#8211;<\/td>\n<td>spielfrei<\/td>\n<td>(0)<\/td>\n<td>+ &#8211;<\/td>\n<\/tr>\n<\/tbody>\n<\/table>\n<hr \/>\n<h2>Ergebnisse der 2. Runde<\/h2>\n<table border=\"2\" cellspacing=\"2\" cellpadding=\"2\" bgcolor=\"#c0c0c0\">\n<tbody>\n<tr>\n<td colspan=\"14\">Paarungsliste der 2. Runde<\/td>\n<\/tr>\n<tr bgcolor=\"#00ff00\">\n<th>Nr.<\/th>\n<th>Teilnehmer<\/th>\n<th>Pkt.<\/th>\n<th>&#8211;<\/th>\n<th>Teilnehmer<\/th>\n<th>Pkt.<\/th>\n<th>Erg.<\/th>\n<\/tr>\n<tr bgcolor=\"#00ffff\">\n<td>1<\/td>\n<td>Schulthei\u00df, Walter<\/td>\n<td>(1)<\/td>\n<td>&#8211;<\/td>\n<td>Dockhorn, Alfred<\/td>\n<td>(1)<\/td>\n<td>\u00bd \u2013 \u00bd<\/td>\n<\/tr>\n<tr bgcolor=\"#00ffff\">\n<td>2<\/td>\n<td>Gubin, Aleksej<\/td>\n<td>(1)<\/td>\n<td>&#8211;<\/td>\n<td>M\u00fcller, Dirk<\/td>\n<td>(1)<\/td>\n<td>0 &#8211; 1<\/td>\n<\/tr>\n<tr bgcolor=\"#00ffff\">\n<td>3<\/td>\n<td>Wiesen, Marcus<\/td>\n<td>(1)<\/td>\n<td>&#8211;<\/td>\n<td>Hauch, Konstantin<\/td>\n<td>(1)<\/td>\n<td>1 &#8211; 0<\/td>\n<\/tr>\n<tr bgcolor=\"#00ffff\">\n<td>4<\/td>\n<td>Hippenstiel, Michael<\/td>\n<td>(1)<\/td>\n<td>&#8211;<\/td>\n<td>Gubin, Boris<\/td>\n<td>(1)<\/td>\n<td>0 &#8211; 1<\/td>\n<\/tr>\n<tr bgcolor=\"#00ffff\">\n<td>5<\/td>\n<td>Bohn, Berthold<\/td>\n<td>(\u00bd)<\/td>\n<td>&#8211;<\/td>\n<td>Graf, Rodolfo<\/td>\n<td>(\u00bd)<\/td>\n<td>0 &#8211; 1<\/td>\n<\/tr>\n<tr bgcolor=\"#00ffff\">\n<td>6<\/td>\n<td>Kendzior, Uwe<\/td>\n<td>(\u00bd)<\/td>\n<td>&#8211;<\/td>\n<td>Lozar, Peter<\/td>\n<td>(\u00bd)<\/td>\n<td>\u00bd \u2013 \u00bd<\/td>\n<\/tr>\n<tr bgcolor=\"#00ffff\">\n<td>7<\/td>\n<td>Sch\u00e4fer, Christian<\/td>\n<td>(\u00bd)<\/td>\n<td>&#8211;<\/td>\n<td>Schwabe, Tobias<\/td>\n<td>(\u00bd)<\/td>\n<td>1 &#8211; 0<\/td>\n<\/tr>\n<tr bgcolor=\"#00ffff\">\n<td>8<\/td>\n<td>Jacobs, Mario<\/td>\n<td>(0)<\/td>\n<td>&#8211;<\/td>\n<td>Gei\u00df, J\u00fcrgen<\/td>\n<td>(0)<\/td>\n<td>1 &#8211; 0<\/td>\n<\/tr>\n<tr bgcolor=\"#00ffff\">\n<td>9<\/td>\n<td>H\u00e4nsel, Gerhard<\/td>\n<td>(0)<\/td>\n<td>&#8211;<\/td>\n<td>Freimuth, Dominik<\/td>\n<td>(0)<\/td>\n<td>1 &#8211; 0<\/td>\n<\/tr>\n<tr bgcolor=\"#00ffff\">\n<td>10<\/td>\n<td>Geibel, Kurt<\/td>\n<td>(0)<\/td>\n<td>&#8211;<\/td>\n<td>Jacobs, Verena<\/td>\n<td>(0)<\/td>\n<td>0 &#8211; 1<\/td>\n<\/tr>\n<tr bgcolor=\"#00ffff\">\n<td>11<\/td>\n<td>Jacobs, Daniel<\/td>\n<td>(0)<\/td>\n<td>&#8211;<\/td>\n<td>spielfrei<\/td>\n<td>(0)<\/td>\n<td>+ &#8211;<\/td>\n<\/tr>\n<\/tbody>\n<\/table>\n<hr \/>\n<h2>Ergebnisse der 1. Runde<\/h2>\n<table border=\"2\" cellspacing=\"2\" cellpadding=\"2\" bgcolor=\"#c0c0c0\">\n<tbody>\n<tr>\n<td colspan=\"14\">Ergebnisse der 1. Runde<\/td>\n<\/tr>\n<tr bgcolor=\"#00ff00\">\n<th>Nr.<\/th>\n<th>Teilnehmer<\/th>\n<th>&#8211;<\/th>\n<th>Teilnehmer<\/th>\n<th>Erg.<\/th>\n<\/tr>\n<tr bgcolor=\"#00ffff\">\n<td>1<\/td>\n<td>Graf, Rodolfo<\/td>\n<td>&#8211;<\/td>\n<td>Sch\u00e4fer, Christian<\/td>\n<td>\u00bd &#8211; \u00bd<\/td>\n<\/tr>\n<tr bgcolor=\"#00ffff\">\n<td>2<\/td>\n<td>Schwabe, Tobias<\/td>\n<td>&#8211;<\/td>\n<td>Kendzior, Uwe<\/td>\n<td>\u00bd &#8211; \u00bd<\/td>\n<\/tr>\n<tr bgcolor=\"#00ffff\">\n<td>3<\/td>\n<td>Lozar, Peter<\/td>\n<td>&#8211;<\/td>\n<td>Bohn,Berthold<\/td>\n<td>\u00bd &#8211; \u00bd<\/td>\n<\/tr>\n<tr bgcolor=\"#00ffff\">\n<td>4<\/td>\n<td>M\u00fcller, Dirk<\/td>\n<td>&#8211;<\/td>\n<td>Jacobs, Mario<\/td>\n<td>1 &#8211; 0<\/td>\n<\/tr>\n<tr bgcolor=\"#00ffff\">\n<td>5<\/td>\n<td>Dockhorn, Alfred<\/td>\n<td>&#8211;<\/td>\n<td>Geibel, Kurt<\/td>\n<td>1 &#8211; 0<\/td>\n<\/tr>\n<tr bgcolor=\"#00ffff\">\n<td>6<\/td>\n<td>Geiss, J\u00fcrgen<\/td>\n<td>&#8211;<\/td>\n<td>Gubin, Aleksej<\/td>\n<td>0 &#8211; 1<\/td>\n<\/tr>\n<tr bgcolor=\"#00ffff\">\n<td>7<\/td>\n<td>H\u00e4nsel, Gerhard<\/td>\n<td>&#8211;<\/td>\n<td>Hippenstiel, Michael<\/td>\n<td>&#8211; +<\/td>\n<\/tr>\n<tr bgcolor=\"#00ffff\">\n<td>8<\/td>\n<td>Freimuth, Dominik<\/td>\n<td>&#8211;<\/td>\n<td>Wiesen, Marcus<\/td>\n<td>0 &#8211; 1<\/td>\n<\/tr>\n<tr bgcolor=\"#00ffff\">\n<td>9<\/td>\n<td>Gubin, Boris<\/td>\n<td>&#8211;<\/td>\n<td>Jacobs, Daniel<\/td>\n<td>1 &#8211; 0<\/td>\n<\/tr>\n<tr bgcolor=\"#00ffff\">\n<td>10<\/td>\n<td>Jacobs, Verena<\/td>\n<td>&#8211;<\/td>\n<td>Schulthei\u00df, Walter<\/td>\n<td>0 &#8211; 1<\/td>\n<\/tr>\n<tr bgcolor=\"#00ffff\">\n<td>11<\/td>\n<td>spielfrei<\/td>\n<td>&#8211;<\/td>\n<td>Hauch, Konstantin<\/td>\n<td><strong> &#8211; +<\/strong><\/td>\n<\/tr>\n<\/tbody>\n<\/table>\n","protected":false},"excerpt":{"rendered":"<p>Modus Schweizer System, 2 Stunden f\u00fcr 40 Z\u00fcge, 30 Minuten f\u00fcr den Rest. Computerauslosung und -auswertung, offizielle DWZ-Auswertung. Bei Punktgleichheit<\/p>\n","protected":false},"author":1,"featured_media":0,"parent":150,"menu_order":215,"comment_status":"open","ping_status":"open","template":"","meta":{"colormag_page_container_layout":"default_layout","colormag_page_sidebar_layout":"default_layout","ngg_post_thumbnail":0,"footnotes":""},"class_list":["post-1286","page","type-page","status-publish","hentry"],"_links":{"self":[{"href":"http:\/\/www.sf-bir.de\/index.php?rest_route=\/wp\/v2\/pages\/1286","targetHints":{"allow":["GET"]}}],"collection":[{"href":"http:\/\/www.sf-bir.de\/index.php?rest_route=\/wp\/v2\/pages"}],"about":[{"href":"http:\/\/www.sf-bir.de\/index.php?rest_route=\/wp\/v2\/types\/page"}],"author":[{"embeddable":true,"href":"http:\/\/www.sf-bir.de\/index.php?rest_route=\/wp\/v2\/users\/1"}],"replies":[{"embeddable":true,"href":"http:\/\/www.sf-bir.de\/index.php?rest_route=%2Fwp%2Fv2%2Fcomments&post=1286"}],"version-history":[{"count":50,"href":"http:\/\/www.sf-bir.de\/index.php?rest_route=\/wp\/v2\/pages\/1286\/revisions"}],"predecessor-version":[{"id":1292,"href":"http:\/\/www.sf-bir.de\/index.php?rest_route=\/wp\/v2\/pages\/1286\/revisions\/1292"}],"up":[{"embeddable":true,"href":"http:\/\/www.sf-bir.de\/index.php?rest_route=\/wp\/v2\/pages\/150"}],"wp:attachment":[{"href":"http:\/\/www.sf-bir.de\/index.php?rest_route=%2Fwp%2Fv2%2Fmedia&parent=1286"}],"curies":[{"name":"wp","href":"https:\/\/api.w.org\/{rel}","templated":true}]}}